
Let v = -1 - 1. Let k be v*(1 - 0 - 3). Suppose 0 = 6*f - k*f + 4*j - 74, -185 = -5*f + 5*j. What is the units digit of f?
7
Suppose -y = -2*y + 5. Let v be (-4)/((-8)/(-6)) + y. Suppose 1 = -v*s + 83. What is the units digit of s?
1
Suppose 3*w = -y + 513, -y - 2*y - 513 = -3*w. What is the tens digit of w?
7
Let y = -288 - -563. Suppose 5*j = 5*t - y, 4*j - 2*j = -6. What is the tens digit of t?
5
Let w(l) = l**2 + 7*l + 7. Let c be w(-4). What is the tens digit of 68 + 16/(c + 1)?
6
Let o(g) be the third derivative of 0 - 4*g**2 + 11/6*g**3 - 1/24*g**4 - 1/120*g**6 + 0*g + 1/60*g**5. What is the units digit of o(0)?
1
Let i(o) = -o**2 - 9*o - 5. Let l be i(-8). Suppose s + 5*f + 19 = 0, f + 1 = l*s - 6*s. What is the tens digit of (25/1 - -4)/s?
2
Let y be -93 + (-16)/4 - 1. Let c = 191 + y. What is the units digit of c?
3
Let b(p) be the third derivative of p**5/60 - 3*p**3/2 + 5*p**2. Let f be b(4). Suppose -t + 32 = x, -2*t - f = -x + 16. What is the units digit of x?
9
Suppose -2*p - 5*j - 33 = 0, 2*j - 7 = 4*p - 1. Let f be p/10*(-30)/2. Let r(m) = m**3 - 5*m**2 - 5*m + 6. What is the units digit of r(f)?
2
Let o = 3 + 7. Let r = 10 - o. Suppose b = 5*d - 63, r = -3*b + 3 + 3. What is the units digit of d?
3
Suppose 3*d + 2*d = 40. Suppose 276 + 52 = d*w. What is the tens digit of w?
4
What is the units digit of (1/2 - 3/(-2))*1808?
6
Let a(x) = 43*x + 6. Let n be a(2). Suppose -y - 14 = -n. What is the tens digit of y?
7
Let c be 1/6 + (-322)/(-84). Suppose -c*w + 43 + 21 = 0. What is the tens digit of w?
1
Let k = -15 + -4. Let l = -18 - k. What is the units digit of 0/(l - -1) - -39?
9
Let j(t) = t**3 + 3*t**2 - t - 6. Let w(a) = 5*a**3 + 15*a**2 - 6*a - 31. Let l(n) = -11*j(n) + 2*w(n). What is the units digit of l(-3)?
7
Suppose 35*q - 54611 = 15529. What is the units digit of q?
4
Suppose -4*o = 20, b + 0*o - 2*o + 10 = 0. What is the units digit of (40/(-16))/(2/b)?
5
Let g(o) = -o**2 - 5*o - 3. Suppose 0 = -4*t - 8 - 4. Let b be g(t). Let d(x) = 5*x - 1. What is the tens digit of d(b)?
1
Let c = -16 - 14. What is the hundreds digit of (c/4)/((-4)/144)?
2
Let r(n) = 0*n + 6 + 12 - 2 - n. Let y = -12 + 20. What is the units digit of r(y)?
8
Let x = 997 + 115. What is the thousands digit of x?
1
Let w(b) = 2*b**3 + 3*b**2 + 3*b + 1. Let o be w(-1). Let m(s) = -59*s**3 - s**2 - s - 1. What is the units digit of m(o)?
8
Suppose 0 = 7*j - 171 - 403. What is the tens digit of j?
8
Let j(h) = -h**3 - 6*h**2 + 2*h + 8. Let b(v) = 1. Let g(l) = -5*b(l) + j(l). Let k be g(-7). Suppose -3*p - 2 = -k. What is the tens digit of p?
1
Let h(i) = -i**3 - 3*i**2 + 68. What is the units digit of h(0)?
8
Let u be (-4)/8 - ((-3)/6 + -2). Suppose 2*h + 7*d - 2*d = 227, -u*h - 4*d + 226 = 0. What is the units digit of h?
1
Suppose 121548 = 5*o + 23*o. What is the tens digit of o?
4
Suppose 4*w - 13 = -5*d, -7*d = -2*w - 2*d - 1. Suppose 5*k - 3*k = -w*t + 40, -2*k + 4*t = -52. Let v = k - -18. What is the units digit of v?
0
Let z(r) = -2*r + 10. Let x(f) = -8*f + 41. Let n(h) = -2*x(h) + 9*z(h). What is the tens digit of n(-4)?
1
Let y = 3358 + -731. What is the tens digit of y?
2
Let n be 22/(-18) + (-8)/(-36). Let d = n + -3. What is the units digit of (-54)/(-1)*(-2)/d?
7
Suppose 2*b - 5*b = 3*b. Suppose b = -3*d - 28 + 541. What is the tens digit of d?
7
Suppose 1728 = 338*m - 335*m. What is the hundreds digit of m?
5
Suppose -7203 = -13*p + 5212. What is the hundreds digit of p?
9
Let z = 17 + 32. Let r = 26 - 43. Let u = z + r. What is the tens digit of u?
3
Let k be 5196/51 - 4/(-34). Let x = -31 + k. What is the units digit of x?
1
Let b = -68 - -857. What is the tens digit of b?
8
Let j(a) = -513*a + 1118. What is the units digit of j(-8)?
2
Let x be 2/4 + (-14)/(-4). Suppose 928 = 4*z - 4*j, x*z + j = -j + 946. Suppose -5*n - z = -4*l, -2*l + 2*n = -4*l + 104. What is the tens digit of l?
5
Let p(b) = b**3 + 9*b**2 + 8*b + 4. Let y be p(-8). Suppose m = y*s + 241, -2*m - 238 = 5*s - s. Let c = 10 - s. What is the tens digit of c?
7
Let t be -2*(-1 + 14/(-4)). Suppose 6*o = t*o - 15. What is the units digit of o?
5
Let h = -203 + 705. What is the units digit of h?
2
Let f(b) = 18*b**3 + 4*b**2 + 4*b + 7. Let s(u) = -u**2 - 1. Let w(c) = -f(c) - 5*s(c). What is the units digit of w(-2)?
4
Let c = -7 - -12. Suppose 189 + 211 = c*l. Let m = -34 + l. What is the tens digit of m?
4
Let i be (-3 + -6)/3*-29. Suppose -3*m + 3 + 6 = 0. Suppose 0*f - d - 78 = -m*f, -2*d + i = 3*f. What is the units digit of f?
7
Let q(n) = -n**3 + 7*n**2 + 9*n - 9. Let t be q(8). Let r be (2 + -1 - t)/(-1). Let h(f) = 2*f**2 + 3*f + 4. What is the units digit of h(r)?
6
Suppose -15*l + 10*l = -30. Let p be 5/(-1) + 2 + l. Suppose 145 = p*u - 5*r, 3*u - r - 163 = -26. What is the units digit of u?
5
Let b(q) = 5*q - 5. Let t(j) = -j**2 - 13*j - 15. Let m be t(-11). Let i be b(m). Suppose -c + 1 = -i. What is the tens digit of c?
3
Let l(p) = -p**3 - 5*p**2 - p - 11. Let r be l(-5). What is the tens digit of (-468)/r + 0/(-2)?
7
Suppose 2*p - 5*z + 21 = p, -2*p + 2*z = 10. Let k = p - -12. Suppose -7 = -2*w + k. What is the units digit of w?
9
Suppose 0 = -3*l - 34 - 2. Let z = 12 + l. Let m = 7 + z. What is the units digit of m?
7
Let u be 40/6 + 4/(-6). Suppose 2*j - u - 10 = 0. Suppose -2*g + 0 = -j. What is the units digit of g?
4
Suppose 2*b + 22*b = 16200. What is the units digit of b?
5
Suppose 0*l + 4*p = l + 12, -3*p + 9 = -2*l. Suppose l = 30*r - 33*r + 123. Let s = 88 - r. What is the units digit of s?
7
Let r(o) = -6*o**2 + 6*o. Let n(f) = -7*f**2 + 7*f + 1. Let j(u) = -5*n(u) + 6*r(u). Let p(s) be the first derivative of j(s). What is the units digit of p(-6)?
3
Let y = 113 - 58. What is the units digit of 1*-3 + 19 + y?
1
Suppose 4*a - 8*a = 0. Suppose 0 = -s - a*s + 69. What is the tens digit of s?
6
Suppose 154 - 1012 = -13*y. Let s = 151 - y. What is the units digit of s?
5
Suppose -3*y + 4*y = -44. Let a = y + 47. What is the units digit of a?
3
Suppose -3*c + c = -160. Let n = 115 - c. Suppose -2*h = 3*h - n. What is the units digit of h?
7
Suppose s + 4299 = 4*l - 1740, 5*l - 7530 = -5*s. What is the tens digit of l?
0
What is the tens digit of (-1790)/5*1*(-3 - -1)?
1
Suppose -2*g - 3*g + 1 = -n, 2*n + 4*g + 16 = 0. Let w be (-146)/(-9) - n/(-27). Suppose -w - 44 = -5*s. What is the units digit of s?
2
Suppose 0 - 2 = n. What is the units digit of (2 + -6)/(2*n)?
1
Suppose 10*n + 6 = -4. What is the units digit of 0 - (1/(-1))/(n/(-19))?
9
Let c = 460 - -30. What is the units digit of c?
0
Let d be (1/((-5)/(-905)))/1. Suppose 3*o + d = 616. What is the hundreds digit of o?
1
Suppose 0 = -64*y + 72*y - 1400. What is the hundreds digit of y?
1
Let u(d) = -d**3 - 11*d**2 - 9*d + 12. Let p(b) = 14*b + 4. Let w be p(-1). What is the units digit of u(w)?
2
Let t(b) = 2*b + 20. Let o(w) = -24 - 4*w**2 - 4*w + 25 + w**3 - 3*w. Let i be o(5). What is the units digit of t(i)?
2
Suppose -p - 3 = -2*f, 3 + 0 = 3*f - 3*p. Let q be 24/18*(f - -4). Suppose 0 = -q*s + 129 + 63. What is the units digit of s?
4
Let q = 39 + -23. What is the tens digit of -3 + 284/q + 1/4?
1
Suppose -2*r + 36 = 4*i, -5*r + 2*r = -5*i - 65. Suppose 0*m = m + t - 68, -4*t = -4*m + 272. Suppose -3*w - r = -m. What is the units digit of w?
6
Let k = 19 - 23. What is the units digit of 6/k*(-272)/6?
8
Suppose 0 = 4*s - 2*m - 1028, -2*s - m - 4*m = -490. What is the tens digit of s?
5
Let p be 1/4 + 196/(-16). Let o = p + 16. Suppose 5*d = o*x - 127 - 93, -2*d = 5*x - 308. What is the units digit of x?
0
Suppose 5*j - 1573 = 4*v, 2*v = -8 + 4. What is the tens digit of j?
1
Let u = 3262 + -841. What is the tens digit of (-11)/121 - u/(-11)?
2
Let a(p) = 12*p**2 + 5*p + 133. What is the units digit of a(-11)?
0
Let w(f) = 72*f + 3369. What is the tens digit of w(0)?
6
Suppose -3*c + q + 2*q - 126 = 0, -3*q = -4*c - 172. Let a = 17 + c. Let k = 54 + a. What is the tens digit of k?
2
What is the tens digit of ((-2)/(-15))/((-6)/(-1107))*25?
1
Let j(c) = -c**3 - c**2 - 1. Suppose b = 3*b + 4. Let d be j(b). Let f(y) = y**3 - 2*y - 2. What is the units digit of f(d)?
9
Suppose -5*w + 3 = -7. Suppose -2*f - r - 3*r = -26, w*r = 4*f - 22. Suppose -f*a + 12 = -4*a. What is the units digit 